lculate the remainder when g is divided by 79.
62
Suppose b - 2*b + 3*t = -16, b = -3*t - 14. Let k be -16 + (b - (2 + -2)). Let m = k - -22. What is the remainder when 27 is divided by m?
6
Suppose 0*o = -2*o - n + 181, -4*o + 5*n = -383. Let r(w) = w**2 - 260*w + 1053. What is the remainder when o is divided by r(4)?
5
Suppose 23*y - 11*y = 1572. What is the remainder when 1300 is divided by y?
121
Let w = -767 + 924. What is the remainder when w is divided by 42?
31
Calculate the remainder when -2 - 1*-1733 - (-244 + 239) is divided by 11.
9
Let b = -47 + 111. Let h(d) = d - 10. Suppose -y = c - 3*y - 27, 0 = -4*c + 2*y + 96. What is the remainder when b is divided by h(c)?
12
Suppose i - 21 = -3*a, 0 = a + 2*a + 3. Suppose -w = -79 - i. Calculate the remainder when w is divided by 13.
12
Let j = 185 + -183. Suppose v - 54 = -2*i, 3*v - j*v + 4*i = 44. Calculate the remainder when v is divided by 19.
7
Let z(q) = q**3 - 8*q**2 + 8*q - 2. Let p be z(7). Let f = 55 - 35. Let v = p + f. Calculate the remainder when v is divided by 14.
11
Let y be 0 + 11 + (-85)/17. Calculate the remainder when 41 is divided by ((-114)/10)/3*(1 - y).
3
Suppose 683 = 11*n + 287. Suppose -1477 = -18*b + 11*b. Calculate the remainder when b is divided by n.
31
Let j = 1117 - 874. Let u = j - -217. What is the remainder when u is divided by 22?
20
Let h be (4/6)/(((-8)/2)/(-36)). Suppose 0 = -3*s - 2*c + 26, -3*s + h + 10 = 4*c. Calculate the remainder when 29 is divided by s.
5
Suppose -13099*h + 13089*h + 322 = -4*s, 0 = -3*h + 2*s + 99. What is the remainder when (63/1)/(1/1) is divided by h?
1
Let g be ((-54)/12 - -5)*0/(-2). Suppose z - 90 = -4*z - s, 3*z - 5*s - 54 = g. Calculate the remainder when 107 is divided by z.
17
Let k = 12888 + -12292. What is the remainder when 4183 is divided by k?
11
Let d(b) = 769*b - 6082. Calculate the remainder when 233 is divided by d(8).
23
Let t(u) = -58*u + 30. Calculate the remainder when t(-2) is divided by ((-3)/(-6))/1*76.
32
Suppose 0 = -8*c + 3*c + 2655. Let y = c + -307. Let g(d) = -3*d**3 - 5*d**2 - d + 6. Calculate the remainder when y is divided by g(-3).
44
Suppose -q - 97 = -a, 2*q = -4*a - 18 + 430. Calculate the remainder when 192 is divided by a.
91
Let w = 26 - 1. Calculate the remainder when 2/((250/(-3150))/(105/(-18))) is divided by w.
22
Suppose -2*r = -5*r - 3. Let n(k) = k**3 + 5*k**2 - 6*k - 3. Calculate the remainder when r + 87 + -2 + -1 - 3 is divided by n(-5).
26
Suppose -147*m + 299*m - 4981 = 135*m. Calculate the remainder when m is divided by 34.
21
Suppose 4*s = 3*s + 3*z + 6, 2*z = -2. Suppose -2*o + 4*l = 6, 40 = 4*o + 2*l + s*l. Calculate the remainder when 37 is divided by o.
2
Suppose 5*r = -4*q + 241, -20 = 2*r - q - 119. Let l = 6417 + -6225. What is the remainder when l is divided by r?
45
Suppose -126*i + 122*i = -444. Suppose -4*y + 40 = 2*l, -3*l + 20 = -4*y - 10. What is the remainder when i is divided by l?
13
Suppose 3*p = 6*p - 27. Let r be 6/(3 - (-156)/(-56)). Let s = r - -32. Calculate the remainder when s is divided by p.
6
Let y = -11642 + 11839. What is the remainder when y is divided by ((-1)/(-2))/((-4)/(-144))?
17
Let t = -6 + 51. What is the remainder when t is divided by (-20839)/(-6412)*(-16)/(-26)?
1
Let m = 17395 + -15899. What is the remainder when m is divided by 47?
39
Suppose -14*d - 828 = -18*d. Let u be (-1)/((-210)/d - -1). Calculate the remainder when -4*(u/(-6) - 4) is divided by 16.
14
Let p = -4798 + 5496. What is the remainder when p is divided by 688?
10
Let j(q) = -2*q**2 - 117*q - 963. Calculate the remainder when 1135 is divided by j(-11).
69
Suppose 0 = -15*z + 165 + 45. Calculate the remainder when 2559 is divided by z.
11
Suppose 6*v - v - 158 = -y, -115 = -4*v + 3*y. What is the remainder when (12 - 5430/105)*(-13 + 36/6) is divided by v?
30
Let v = -8817 - -10789. Calculate the remainder when v is divided by 52.
48
Suppose -60399 = 6*v - 69795. What is the remainder when v is divided by 14?
12
Suppose 0 = 3*y + 3, 3*x - 5*y + 14 + 17 = 0. Let b = -15 - x. What is the remainder when 17 is divided by (7/(-1) + b)/(-1 - 0)?
7
Let g(h) = 2*h**3 - 23*h**2 + 11*h + 8. Let b be g(11). Let a = b - -104. What is the remainder when a is divided by 23?
20
Let w(q) = -q + 15. Let i be w(10). Suppose -840 = -5*d - i*h, -3*d + 0*h + 5*h + 488 = 0. What is the remainder when d is divided by 17?
13
Let g be 39/(-2)*(-8)/6. Let o = 55 - g. Suppose 4937 = 55*q - 1058. What is the remainder when q is divided by o?
22
Suppose -173 = -3*y - 4*n, 4*y + n - 209 = -0*y. Calculate the remainder when 574 is divided by y.
13
Let r = 7 + 6. Let i = r + -7. Let s(b) = -5*b + 150. Calculate the remainder when s(28) is divided by i.
4
Suppose 17 = 3*d - f, 2*d - 5*f = 1 - 7. Suppose 0 = -p + d - 3. What is the remainder when 1/(-2) - 195/(-10) is divided by p?
3
Let s(h) be the third derivative of h**5/20 - 5*h**4/24 - h**3/3 - 18*h**2. Let g be s(4). What is the remainder when 30 + g/(-39) + (-14)/6 is divided by 8?
3
Suppose -3 = -j, -k + 2*j = -0*k - 15. Suppose -4*u + 83 = -k. Calculate the remainder when 50 is divided by u.
24
Let q(h) = -h**2 - 8*h - 8. Let u be q(-6). Let r = -10369 + 10635. Suppose r = 2*c + u*s, 0*s + 254 = 2*c + s. What is the remainder when c is divided by 16?
13
Let c = -361 + 388. Suppose -6*x = -9 - c. Calculate the remainder when 55 is divided by x.
1
Calculate the remainder when ((-210)/100)/(-21) - 43758/(-20) is divided by 6.
4
What is the remainder when (1/6 + 8 + 296/24)*32 is divided by 20?
16
Suppose a + 60*u = 65*u + 2200, -3*u + 12 = 0. Suppose -40*d - a = -6500. What is the remainder when d is divided by 34?
5
Suppose -3*j - 1442 = -10*j. What is the remainder when 12 is divided by (-14)/(-105) + j/30?
5
Suppose -11*d - 810 = 3*d - 24*d. Calculate the remainder when 1201 is divided by d.
67
Suppose 42*h - 367 - 221 = 0. Let c = -23 - -33. Suppose 0 = -c*p + 6*p + 20. Calculate the remainder when h is divided by p.
4
Let p = 4 - 1. Suppose 240 = p*x + x. Let u = -193840 - -193959. What is the remainder when u is divided by x?
59
Suppose 0 = 2*y + 136 - 504. Let u = 81391 + -81380. Calculate the remainder when y is divided by u.
8
Suppose 0 = -3*d - 3*z + 30, -d - 3*z - 35 = -3*d. Calculate the remainder when 999 is divided by d.
11
Let p = 84 + -82. Let d be -2*p/6*9/(-2). What is the remainder when (d/4*-1)/((-2)/24) is divided by 4?
1
Suppose 0 = 2*i - 4*u - 88, u + 31 + 48 = 2*i. Let s(h) = 11*h - 65. What is the remainder when s(16) is divided by i?
35
Suppose 46*p - 36*p + 12458 = 38378. What is the remainder when p is divided by 15?
12
Let v(u) = -6*u**2 + 23*u + 25. What is the remainder when 16713 is divided by v(4)?
18
Suppose -2051*r = -2124*r + 108770. What is the remainder when r is divided by 6?
2
Suppose 0 = -88*l + 19*l + 345. Let g be -6*-1*(-2)/(-6). What is the remainder when l is divided by (4 - (-6)/3)/g?
2
Suppose -4*u + 12 = 0, 0*z = -z + 3*u + 14. Suppose -87*y - 378 = -24*y. Let l = y + z. Calculate the remainder when 33 is divided by l.
16
Suppose 0 = 4*g - 5*h + 103, 2*g + 2*h = -37 - 19. Let j be (12 + (-165)/(-10))*(-4)/6. Let m = j - g. What is the remainder when 11 is divided by m?
3
Let c = -9676 - -10846. What is the remainder when c is divided by 73?
2
Let o = -166 + 189. What is the remainder when (-26800)/(-208) - 4/(-26) is divided by o?
14
Suppose -4*c - c = -0*c. Suppose 0*l - 26 = -2*l. Let w = l - c. What is the remainder when 49 is divided by w?
10
Let b = -3774 + 3793. What is the remainder when 11911 is divided by b?
17
Suppose -590 = 21*w - 44*w + 1135. What is the remainder when 822 is divided by w?
72
Let n = -11 - -15. Suppose -n*j - 2*r = 2, -5*j + 5*r = -21 - 14. Calculate the remainder when 28/((-22)/(-12) - (-59)/354) is divided by j.
0
Suppose -86 = -2*w + 2*b, 125 = 3*w + b - 6*b. Let r(k) = -173*k - 5577. Calculate the remainder when r(-33) is divided by w.
42
Let k(o) = 11*o**2 + 177*o - 265. Calculate the remainder when k(-19) is divided by 18.
1
Let s be -7*(-6 + 4 + 0). Let h(b) = -11 - 7*b + 16*b**2 + 5 - s*b**2. Calculate the remainder when h(7) is divided by 23.
20
Let a(s) = 22*s**2 + 18*s + 18. What is the remainder when a(2) is divided by 13?
12
Let i be (-11 + 0 -